 72. Calculate the remainder when n is divided by 7.
3
Let q(y) = 0*y + 4 + y + 0*y. Let a be q(0). What is the remainder when 2 is divided by a/6*(-6)/(-4)?
0
Suppose 7*l - 127 = 251. Calculate the remainder when l is divided by 19.
16
Suppose n = 5*n. Suppose 3*s + 0*s - 51 = n. Calculate the remainder when -2*3/6 + s is divided by 6.
4
Let z(v) = -v**2 + 6*v - 2. Let g be z(4). Suppose 4*a + 2*u - 74 = 0, -a + 2*u + 0 + g = 0. What is the remainder when 29 is divided by a?
13
Let r be (-121)/(-33) + 4/(-6). Suppose r*y - 27 = -0*y. What is the remainder when 26 is divided by y?
8
Let p(r) = r + 1. Let i(h) = -h - 6. Let j(l) = -2*i(l) - 10*p(l). Suppose -4*v + 70 = -2*v. Calculate the remainder when v is divided by j(-2).
17
Let b(s) = s - 2. Let j be b(4). Suppose j*m = -1 + 15. Let l(t) = -3*t**3 + 112*t**2 - 37*t + 11. Calculate the remainder when l(37) is divided by m.
4
Suppose 22 = 5*d + 3*c, -4*d = 2*c + c - 17. Calculate the remainder when 6 is divided by 2 + (-3 - d/(-1)).
2
Suppose 4*c + 10 = 34. Calculate the remainder when 0 - 78/(2/(-1)) is divided by (-40)/(-6)*9/c.
9
Suppose -z = -5 - 2. What is the remainder when 19 is divided by z?
5
Let t = 48 + 33. What is the remainder when t is divided by 21?
18
Let r be 6/24*12*1. Suppose -p - 3*a = 2*p - 54, -p - r*a = -18. Calculate the remainder when 53 is divided by p.
17
Suppose 0*f - f - 5*w + 127 = 0, 3*f - 413 = w. What is the remainder when f is divided by 35?
32
Suppose i - 38 - 8 = 4*l, -2*i - 4*l + 32 = 0. Suppose 3*k - 88 = -5*w, -5*k + 3*w = -3*k - 65. Let y = -17 + k. What is the remainder when i is divided by y?
12
Let z be 2/(-7) - 5540/(-35). What is the remainder when (z/4)/((-1)/(-2)) is divided by 20?
19
Suppose 0 = -w - 5*c + 1 - 2, 0 = -5*w - 4*c - 5. Let s = w + 8. Calculate the remainder when 13 is divided by s.
6
Let y(p) = 119*p**2 - p - 1. Calculate the remainder when y(-1) is divided by 12.
11
Suppose -3*x + 6*x = -30. What is the remainder when ((-132)/x)/(9/30) is divided by 23?
21
Let t = -1 + -2. Let h = t + 3. Suppose 0 = 3*f - h*f - 87. Calculate the remainder when f is divided by 10.
9
Let t(z) = z**3 - 5*z**2 - 14*z + 12. Calculate the remainder when t(7) is divided by 9.
3
Let a(b) = -3*b + 439. What is the remainder when a(0) is divided by 63?
61
Let f = -12 - -29. What is the remainder when f is divided by 5?
2
What is the remainder when (91/26)/((10/(-36))/(-5)) is divided by 18 + -2*(1 + 0)?
15
Let w(o) = -o**3 + o**2 - o + 4. What is the remainder when w(0) is divided by 2?
0
What is the remainder when 103 is divided by (1 - (3 - 4))/(2/21)?
19
Let b(a) = 5*a. Let k = 19 - -24. Let r = k + -31. What is the remainder when b(7) is divided by r?
11
Suppose 4*l - 3*l = -f + 1, 0 = 2*f - 4*l - 32. Suppose 4*s - s = 0. Calculate the remainder when (-1 - s)/((-1)/17) is divided by f.
5
Let f(c) = -c**2 - 20*c - 19. What is the remainder when f(-13) is divided by 15?
12
What is the remainder when 7 is divided by (-368)/(-88) - 4/22?
3
Let f(n) = -n**2 - 11*n - 10. What is the remainder when f(-5) is divided by 11?
9
Let g(p) = 2*p**2 - p + 2. Suppose 0*h + 2*h - 3 = -3*j, 4*h - 4*j - 16 = 0. Calculate the remainder when g(2) is divided by h.
2
Suppose 5 - 26 = -4*u - 3*x, 0 = 2*u + 4*x - 18. What is the remainder when 4 is divided by u?
1
What is the remainder when (26/10 + -3)*-230 is divided by 19?
16
Let w be (4 - 2)/((-4)/(-570)). Suppose -232 = 4*q + 3*c, 0 = -5*q + c - w + 14. What is the remainder when -2 - (q + 1*-2) is divided by 19?
17
Let k be 10 + -7 - (0 + 0). Suppose -k*q - q - 236 = -4*s, -94 = -2*s - 4*q. Calculate the remainder when s is divided by 14.
13
Let w(y) = -y**3 + 3*y**2 + 3*y - 1. Suppose -2 = 2*x + 2*i + 2, 0 = 3*x - i - 14. Calculate the remainder when w(x) is divided by 5.
3
Suppose 4*d + 3*v = 33, -d + 2*v = d - 6. Calculate the remainder when 23 is divided by d.
5
Let g = -16 + 29. Suppose 0 = -5*s - 5*j + 53 - 13, 4*s = 5*j - g. What is the remainder when 11 is divided by s?
2
Suppose 407 = 5*s - 598. Let w be (-3 - (-3)/3) + s. Suppose -b + 35 - 9 = -4*t, -4*b - 3*t + w = 0. Calculate the remainder when b is divided by 24.
22
Let i = -130 + 139. Suppose -5*x + 10 = 0, 4*o + 5*x - 69 - 5 = 0. What is the remainder when o is divided by i?
7
Suppose 4*b - 2*i = 72, i + 2*i = -4*b + 92. What is the remainder when 95 is divided by b?
15
What is the remainder when 54 is divided by (-168)/(-9) - 11/(-33)?
16
Let o = -15 + 18. Calculate the remainder when 7 is divided by o.
1
Suppose -2*f - 8 = 0, -3*r + 5*f + 155 - 30 = 0. Suppose 0 = -3*i - 5*u + 24, i = -i + 3*u + r. What is the remainder when 37 is divided by i?
11
Let i(m) = m + 0*m + 5 - 2*m. Let d be i(6). What is the remainder when (d - (-24)/9)*3 is divided by 2?
1
Calculate the remainder when 36 is divided by (3 - 1)/(2/10).
6
Suppose 2*m - 68 = 14. What is the remainder when m is divided by 7?
6
Suppose 0 = -5*z + 5*j + 55, -4*z - 2*j + 59 = -3*j. What is the remainder when 51 is divided by z?
3
Let l(p) = p - 707. Let w be l(0). Calculate the remainder when w/(-21) + 4/(-6) is divided by 12.
9
Suppose 5*h + 16 = 3*v + h, -5*v + 36 = -2*h. Suppose -3*i + v*i = 30. What is the remainder when i is divided by 4?
2
Suppose -s + 4*s = 5*a + 48, 2*a = 5*s - 99. Let k be (-2 - (-6)/2)*s. Calculate the remainder when -1 - 2/((-6)/k) is divided by 4.
2
Suppose 57 = 5*s - 73. Suppose -c = -6*c. Suppose c = 3*a + a - 36. What is the remainder when s is divided by a?
8
Let g be (-2)/((-6)/(-33))*-1. Let b = g - 10. What is the remainder when b is divided by 1?
0
Suppose -130 = -15*w + 5*w. Calculate the remainder when 20 is divided by w.
7
Let a = 169 + -110. Calculate the remainder when a is divided by 15.
14
Let r(m) = m + 4. Let w be r(-2). Suppose 140 = 3*n + w*n. What is the remainder when n is divided by 10?
8
Suppose -5*h + 39 = -76. Suppose -12*t + 220 = -7*t. What is the remainder when t is divided by h?
21
Suppose 8 = 4*p, -p = -2*y + 5*y - 152. Calculate the remainder when y is divided by 13.
11
Suppose 0*u - u = 0. Let i = 16 - u. What is the remainder when 30 is divided by i?
14
Let h = 23 - 15. Suppose p + h = 5*x, -80 = -5*p - x + 10. What is the remainder when 49 is divided by p?
15
Let f(h) = -h**2 + 4*h + 4. Let j(c) = c + 1. Let z(y) = -f(y) + 3*j(y). Calculate the remainder when 7/(((-3)/2)/(-3)) is divided by z(-2).
4
Let y = -8 + 19. Suppose -9 = -4*o + y. Suppose 2*q + 53 = o*q - 4*f, q + 4*f = 7. What is the remainder when 44 is divided by q?
14
Calculate the remainder when 58 is divided by ((43 + 3)/2)/1.
12
Let v(a) = -a - 1. Let k be v(-5). Suppose -2*y = -2, -3*y + 5 = f - y. Suppose -22 = -f*n - k. What is the remainder when n is divided by 4?
2
Let c(f) = -3 + 4 + 4*f**2 - 6*f - 3 + f**3. Let o be c(-5). Suppose 0*y = h - y - 46, 54 = h - o*y. Calculate the remainder when h is divided by 22.
20
Let m(t) = 11*t**2 + t. Let z = -5 - -4. Let k be 1/(z - 0) - -2. Calculate the remainder when m(k) is divided by 7.
5
Let m = -10 + 21. Let r(n) = -n**3 - 5*n**2 - 5*n - 6. Let v be r(-4). Calculate the remainder when 1 + v - (-132)/4 is divided by m.
10
Let t(h) = h**2 - 8*h + 9. Let k = -2 + 16. Suppose -f - f = -k. What is the remainder when 3 is divided by t(f)?
1
Let n(c) = c + 7. Let z be n(-7). Suppose z = -i - 4*i + 50. Let x(f) = -f**3 - 3*f**2 - f + 1. What is the remainder when i is divided by x(-3)?
2
Let z(a) = 18*a - 5. Suppose -3*d - o = 2, -3*o = 2*d - 2 + 1. What is the remainder when z(4) is divided by 3/(3/d) - -24?
21
Let p = -33 + 35. Let g be 2/(-6) - (-8)/6. Suppose g = p*m - 19. Calculate the remainder when 29 is divided by m.
9
Let h(z) = -z - 2. Let o be h(-4). What is the remainder when 9 is divided by ((-5)/(-2))/(1/o)?
4
Let s(h) = 2*h**3 + 12*h**2 - 11*h + 7. Let f(a) = -a**3 - 6*a**2 + 5*a - 3. Let m(c) = 13*f(c) + 6*s(c). What is the remainder when 25 is divided by m(-6)?
7
Suppose 2*m = -2*j + 14 - 0, -5*m - 2*j = -50. What is the remainder when m is divided by (-12)/66 - 70/(-22)?
0
Suppose 0 = 2*w - 4*x - 14 - 6, -3*w = 4*x + 10. Calculate the remainder when 19 is divided by (w/(-4))/((-3)/60).
9
Suppose 4*q = -3*w + 20, w - 29 + 9 = -3*q. Suppose 0*f = 5*f - 140. Suppose f = i + i. What is the remainder when i is d